?
7
Suppose -6*m + 340 + 110 = 0. What is the tens digit of m - (4/1)/4?
7
Let c(h) = -13166*h - 18535. What is the tens digit of c(-6)?
6
Let n = -783 - -1119. What is the units digit of (-19)/(1 - 343/n)?
2
Let o(m) = -m**3 + 16*m**2 - 2*m + 11. Let n be o(9). Let v = -179 + n. What is the tens digit of v?
8
Let g(r) = -5*r**2 + 185*r + 5. Let u be g(37). Suppose -5*v = -5*i + 6645, -226 = i + u*v - 1561. What is the hundreds digit of i?
3
Let t(v) = 452*v**2 - 37*v + 184. What is the units digit of t(5)?
9
Let o(v) = 106 + 2*v - v - 6*v - 9*v. Let c(w) = 3*w - 21. Let a(z) = -16*c(z) - 3*o(z). What is the tens digit of a(-4)?
4
Let l = -22 + 21. Suppose -3*u = -7*u + 112. Let b = u - l. What is the units digit of b?
9
Let n(f) = 15*f + 177. Suppose -2*z = 4*z - 0*z. What is the tens digit of n(z)?
7
Suppose i = 3*i + 24. Let q(n) = n**3 + 12*n**2 - 13*n - 6. Let k be q(-13). What is the tens digit of k/i - 53/(-2)?
2
What is the thousands digit of 243135/24 - 66/(-176)?
0
Let z = -43 - -48. Suppose 4*f - z*f = 4*a - 15, 15 = -3*f. Let h(q) = -q**3 + 7*q**2 - 7*q - 1. What is the tens digit of h(a)?
1
Let m be 284696/57*9/4. Suppose -46*a + m + 11348 = 0. What is the hundreds digit of a?
4
Let b(m) = 95*m + 4708. What is the hundreds digit of b(0)?
7
Let u(l) = l**3 - 95*l**2 - 60*l + 54. What is the tens digit of u(96)?
1
Suppose 9*d + 27*d - 324 = 0. Suppose -154 + 8020 = d*u. What is the units digit of u?
4
Suppose 2*m = k - 69819, 0 = 355*m - 350*m + 15. What is the tens digit of k?
1
Suppose -16*i - 3*o + 10955 = -14*i, -4*i + o + 21875 = 0. What is the hundreds digit of i?
4
What is the hundreds digit of (-6)/27 - (-11)/(792/1792456)?
8
Suppose -10925 = 4*y - 4*s - 52957, 4*s + 21020 = 2*y. What is the hundreds digit of y?
5
Suppose -32751 - 110294 = -61*l. What is the units digit of l?
5
Let o = 18272 + -12173. What is the units digit of o?
9
Suppose -35 = -28*u + 105. Suppose -1589 = -5*k - 2*q, q - 2181 + 594 = -u*k. What is the hundreds digit of k?
3
Let r be (2 + 3 - 5) + 0 + 7. Suppose -r*h + 3386 + 205 = 0. What is the units digit of h?
3
Suppose 2*k = 3*v + 3*k - 1, -5*v - 2*k + 2 = 0. Suppose -3*y + 4*y + 3*i = v, 3*y + 3*i = 30. Let t = 11 + y. What is the tens digit of t?
2
Let l(o) be the first derivative of 2*o**2 + 44*o - 79. What is the tens digit of l(19)?
2
Suppose 8*g + 4 = -4. Let r be (0 - g)*(60 + -7). Let d = r + 9. What is the units digit of d?
2
Suppose 4*b - 3*z + 6 = 37, 27 = 3*b - 3*z. Suppose 2*k - 5*a + 48 = -2*k, 0 = -2*k + b*a - 30. What is the tens digit of (-4683)/(-49) - 3/k?
9
What is the thousands digit of 443674/14 - (-8 - (-1 + 2))?
1
Suppose -26 - 2 = 3*q + 5*c, -3*q - 4*c = 26. Let h(f) = 516 - 258 - 260 - f**3 - 4*f**2. What is the tens digit of h(q)?
7
Let p be 12/(-42) - (-32)/14. Suppose -p*v - 7 = -19. Suppose -38 = v*w - 140. What is the units digit of w?
7
Suppose 6*k - 164 = 2*k. Let v = 37 - k. What is the units digit of 6/1 + 8/v?
4
Let z(p) = 4*p - 27. Let h be z(8). Suppose -h*b - 2*q = -295, -2*q + 112 = 6*b - 4*b. What is the tens digit of b?
6
Suppose k + 482 - 126 = 0. Let l = -163 - k. What is the units digit of l?
3
Suppose -6*n = j - 8*n - 83, 4*n - 101 = -j. Let v = j - -322. What is the hundreds digit of v?
4
Let w(b) = 11*b**2 - 2*b + 7. Let t be 48/40*20/6. Let o be w(t). Suppose -4*q = -3*s - 2*s + o, -2*q - 10 = 0. What is the tens digit of s?
3
Let s be -8*((-4)/(-10))/((-80)/100). Suppose 4*b = 2*p + 6648, -s*p - 968 = 3*b - 5954. What is the hundreds digit of b?
6
Suppose 2*k - 128*h = -131*h + 9304, -5*k + 23275 = 5*h. What is the units digit of k?
1
Let y(p) = -10*p + 16*p + 7 - 2*p**2 + 7*p**2 - 9*p. Let j be y(3). Suppose 3*z = 23 + j. What is the tens digit of z?
2
Let d be (5 + -10 - 3)/((-2)/(-6)). Let h = 12 + d. Let c = 65 + h. What is the tens digit of c?
5
Let w = 37 - -82. Let o = w + -26. Suppose y + 3*n = o, y = -0*y - 5*n + 95. What is the tens digit of y?
9
Suppose 24 = 5*z - 2*s - 5, 0 = -4*z + 3*s + 26. Suppose -12 = -9*b + z*b. Suppose 738 = -v + 5*v + 2*m, 0 = -b*v + 4*m + 559. What is the tens digit of v?
8
Suppose 3*t - 4*q = 7*t - 14400, 0 = 4*t + 2*q - 14392. Suppose 3*y - g - 3774 = 1606, -t = -2*y - 4*g. What is the hundreds digit of y?
7
Let c = -6730 + 9875. Let v = c + -2243. What is the hundreds digit of v?
9
Let u = 118 + -68. Suppose 5*k + 30 = u. Suppose -19 - 9 = -3*r + 2*v, v + 29 = k*r. What is the units digit of r?
6
Suppose -3*b = -l - 5, -5*l + b + 20 - 3 = 0. Suppose -l*v + 1531 = -41*w + 44*w, 5*v - 1900 = -w. What is the hundreds digit of v?
3
Let b(d) = -d**2 - 17*d + 10. Let w be b(-16). Let n(y) = 8 - w + 3*y**2 - 8*y + 9. What is the units digit of n(7)?
2
Let m(r) be the first derivative of -1/2*r**2 - 2/3*r**3 + 3/4*r**4 + 1 + 2*r. What is the units digit of m(3)?
2
Let v = -534 + 566. Suppose -26*t + v*t - 6360 = 0. What is the tens digit of t?
6
Suppose -2*g = -2*j - 5380, -21*g + 26*g = 3*j + 13442. What is the tens digit of g?
8
Let f be (-9 - -8)/(-1 + (-3)/(-4)). Suppose 4*x - 488 = 2*t, f*x - 542 = t - 58. Suppose 2*o - 8*o + x = 0. What is the units digit of o?
0
Suppose 0 = 10*x - 6*x - 92. Suppose -3173 = -x*s + 1818. What is the hundreds digit of s?
2
Let g be 30/(-4)*(-1)/((-7)/(-14)). Suppose g*n = n + 3080. What is the hundreds digit of n?
2
Let g = -99 + 39. What is the units digit of (15/g)/((-3)/10524)?
7
Let m(w) = -w**2 - 14*w + 10. Let r be m(-14). Let c = 14 - r. Suppose 4*p - 31 = p - 5*b, -c*b - 50 = -2*p. What is the units digit of p?
7
Suppose 62*t + 40*t - 12*t - 4699620 = 0. What is the hundreds digit of t?
2
Let v(n) = -10 + 9 + 6 - 16*n. Let j be v(-5). Let x = 193 - j. What is the units digit of x?
8
Let m(j) = j**2 + 12*j - 12. Let n be m(-18). Let y = n - 96. Suppose -5*s = -3*a - 445, y*a - 81 = -s - a. What is the units digit of s?
6
Let v be 3/2*11/(99/12). Let y(o) = 3*o + 7. Let n be y(-1). Suppose -3*l - v = -n*j, 3*j + l - 4*l = 0. What is the units digit of j?
2
Let z(h) = 2*h - 13. Let r be z(7). Suppose -4*q = 3*l - 82, 2*q - 3*l - r = 49. Let k = q + 17. What is the tens digit of k?
3
Let g(s) = 65*s**2 + 300*s. What is the thousands digit of g(4)?
2
Suppose 3*p + 2*p = -5*d + 645, -4*p - 3*d + 514 = 0. Suppose -x + p = -26. What is the tens digit of x?
5
Let h be 1767/15 - 4/(-20). Suppose -2*y + 265 = 5*d, 3*y + y = d - 31. Let m = h - d. What is the tens digit of m?
6
Let y be (-80)/(-48) + 1/3. Suppose -2*n = 7*b - y*b - 35, -5*b = -5*n + 140. Suppose n = -6*t + 301. What is the tens digit of t?
4
Let w(p) = 66*p**2 + 922*p - 20. What is the units digit of w(-14)?
8
Suppose -3*n - 49*l + 3723 = -50*l, -4*n - l = -4964. What is the thousands digit of n?
1
Let b be ((20/(-25))/2)/((-2)/10). Suppose 2*g = -2*o + b, -5*g + 3*g = 4*o - 12. What is the hundreds digit of ((-1)/o*2)/(9/(-3645))?
1
Let r(f) = 148*f**2 - 162*f - 18. What is the units digit of r(7)?
0
Suppose -87*b + 813334 + 1129289 = 0. What is the ten thousands digit of b?
2
Let u = -8698 - -14638. What is the tens digit of u?
4
Let q = 63 - 43. Let p be ((-380)/(-7))/(q/70). Suppose -2*f + 88 = -p. What is the tens digit of f?
3
Let g be 1/((4*(-4)/904)/14). Let u = 1776 + g. What is the hundreds digit of u?
9
Let l(a) = -a**3 + 2*a**2 - 3*a + 2. Let x be l(2). Let d be (-60)/(-5) + 1 + x. Suppose 0 = 3*o + 4*i - 327, -2*i = -d + 3. What is the tens digit of o?
0
Suppose 14*n - 16008 = -9*n. Suppose -9*a + n = 2*p - 6*a, 0 = 3*p - a - 1022. What is the hundreds digit of p?
3
Suppose g + 3356 = 4*f + 2*g, 5*f + g = 4196. Suppose 5*l + 810 = 5*q, -f = -5*q - 0*q - 5*l. What is the hundreds digit of q?
1
Let k(j) = 14*j - 13. Let w(o) = -o - 1. Let a(t) = k(t) + 4*w(t). Let u be a(-10). What is the tens digit of (4 - 2)*u/(-6)?
3
Suppose 2*q = -3*q + 3*p + 1630, -5*q + 1640 = -5*p. Let d be (-1584)/(-360) - (-3)/5. Suppose 2*a + 124 = d*w - 190, -5*w = a - q. What is the tens digit of w?
6
What is the units digit of (2 + 2964/(-24))*-50?
5
Suppose -5*a + 30 = 4*g, -8*a + 3 = -4*a - g. Suppose -a*d + 27 = 19. Suppose l = -m + 29, -d*l + 111 = m + 2*m. What is the tens digit of l?
2
Let g = 84 - 79. Suppose -g*p + 1343 = 4*j, 6*j = p + 11*j - 277. What is the units digit of p?
7
Suppose -4*h + 3*u = -66967, -340*u -